 0?
-2146225236
In base 11, what is -814898 + -8?
-8148a5
In base 4, what is 320 - 10010303321?
-10010303001
In base 12, what is -16bb56007 - -2?
-16bb56005
In base 5, what is 43031 + -32223?
10303
In base 2, what is -1101110110011111110111111011 - -10?
-1101110110011111110111111001
In base 16, what is -d - -1ce50f?
1ce502
In base 5, what is -1222341301 + -10?
-1222341311
In base 15, what is 9969 - 223?
9746
In base 4, what is 13202031031322 + 0?
13202031031322
In base 13, what is -1 - -224c4bc?
224c4bb
In base 4, what is -1 - -102010311223?
102010311222
In base 9, what is 451405 + -12?
451383
In base 7, what is 4012 - 2064015?
-2060003
In base 14, what is 2ac9b + -4ad?
2a7cc
In base 13, what is -227b + 6c6?
-1885
In base 10, what is -7 - -35015?
35008
In base 14, what is 1b - -818c4?
81901
In base 3, what is -122010020200212 + -102?
-122010020201021
In base 15, what is c - -23ea91?
23ea9d
In base 6, what is -234210 - 11100?
-245310
In base 10, what is 43255715 + 1?
43255716
In base 15, what is -24ae0416 - 1?
-24ae0417
In base 11, what is 89437 - -244?
89680
In base 5, what is -133320431040 + 1?
-133320431034
In base 9, what is 12707728 - -2?
12707731
In base 2, what is 11101111001 + 100110100100110?
101010010011111
In base 4, what is 12022 - 31022230?
-31010202
In base 16, what is -49822 + -24a?
-49a6c
In base 7, what is 4 - 36311614?
-36311610
In base 15, what is 7 - 10c157b1?
-10c157a9
In base 13, what is 564 - -c06c?
c603
In base 9, what is -4 - 8507248?
-8507253
In base 8, what is 66063 + -1141?
64722
In base 15, what is 2 - -2a2431d?
2a24320
In base 4, what is -10200001 - 100011?
-10300012
In base 4, what is 1030131302 + 130?
1030132032
In base 10, what is 18483 - 6292?
12191
In base 3, what is -220012221022212022 + -11?
-220012221022212110
In base 13, what is -291 + -1c37?
-21c8
In base 6, what is 354 + -1012223150?
-1012222352
In base 3, what is 0 - 111210210012110011?
-111210210012110011
In base 3, what is 10200110220220 - 12122?
10200110201021
In base 9, what is 48284 - -24?
48318
In base 14, what is 51dd2d2 - -4?
51dd2d6
In base 15, what is -a70a8b + -5?
-a70a91
In base 15, what is -1297991 - 2c?
-12979bd
In base 9, what is 524 + 434145?
434670
In base 12, what is -70a3ba + -13?
-70a411
In base 12, what is 1236 + 198696?
199910
In base 12, what is -1b - -a1885?
a1866
In base 12, what is 1338 - aa9?
44b
In base 16, what is 23 - -53f79?
53f9c
In base 12, what is -91156a62 + -2?
-91156a64
In base 11, what is -2121 + 44970?
4284a
In base 3, what is 200020110200020 + -10?
200020110200010
In base 3, what is -11022202021101 - 2?
-11022202021110
In base 9, what is -104401 + 558?
-103732
In base 2, what is 100101101011001000 + 10101101?
100101101101110101
In base 2, what is -1000100110100010001010 + 1000001?
-1000100110100001001001
In base 15, what is 243477 - 3?
243474
In base 11, what is 151355 - -9?
151363
In base 16, what is -4784 - 1f?
-47a3
In base 6, what is -11054121 + 13?
-11054104
In base 5, what is -1232213024 - -223?
-1232212301
In base 9, what is -116657 - 1616?
-118374
In base 8, what is 7 - -1726403?
1726412
In base 7, what is 4 - 3415446?
-3415442
In base 13, what is -20b - 9b6a9?
-9b8b7
In base 6, what is 1432513 - 21345?
1411124
In base 11, what is -12898058 + -4?
-12898061
In base 10, what is 80133 - 41?
80092
In base 8, what is -47522266 - -3?
-47522263
In base 4, what is 0 + 12113120231302?
12113120231302
In base 4, what is -1120 - -12130320?
12123200
In base 7, what is -4 + -2406235555?
-2406235562
In base 16, what is -4b42d - 21?
-4b44e
In base 10, what is 8 + -6677640?
-6677632
In base 13, what is 7b7bcc5 + 5?
7b7bcca
In base 16, what is 2 + 78ada61?
78ada63
In base 16, what is -1a5c110 + -5?
-1a5c115
In base 7, what is -1411242 + 5422?
-1402520
In base 12, what is -1448 - -3847a?
37032
In base 2, what is -11110001010 - -1010111110101010?
1010100000100000
In base 11, what is -95 + -85952a?
-859614
In base 11, what is -34a + -16279?
-16618
In base 11, what is 42a1 - 573?
3829
In base 7, what is -10261 - -6212?
-1046
In base 9, what is 275631 + -4?
275626
In base 7, what is 16512 - -16042?
35554
In base 15, what is -17 + 6920b?
691e4
In base 5, what is 1 + 130014312141?
130014312142
In base 4, what is 1311030030002 - 2?
1311030030000
In base 9, what is 4823 + 3831?
8754
In base 9, what is -31656357 + -5?
-31656363
In base 4, what is -121 - 2130311323?
-2130312110
In base 4, what is 1 + -3223320023203?
-3223320023202
In base 11, what is 5 - 47053?
-47049
In base 3, what is -2221202 + 2001012?
-220120
In base 10, what is -94 + 139104?
139010
In base 14, what is 1d3 - 811?
-61c
In base 15, what is 9 - -749b5?
749be
In base 5, what is 102 + -1001203010?
-1001202403
In base 4, what is 2020101 + 230320?
2311021
In base 8, what is 5 + 26724365?
26724372
In base 3, what is 1100 - 221012002?
-221010202
In base 6, what is -41 + -144240155?
-144240240
In base 16, what is -93b8a + -7f?
-93c09
In base 10, what is -135874 - -266?
-135608
In base 5, what is 22 - 101220132244?
-101220132222
In base 13, what is 9 + 569c390?
569c399
In base 4, what is 1323 - -22201233123?
22201301112
In base 6, what is 2354 + 1243?
4041
In base 2, what is 1001010100000000100100011 + -1010?
1001010100000000100011001
In base 13, what is -1ca - -537c2c?
537a32
In base 10, what is -2443 - -58?
-2385
In base 14, what is -2 - -21a5019?
21a5017
In base 10, what is 696 + -33638?
-32942
In base 7, what is -32140 - 13?
-32153
In base 3, what is 11222221 - -20202?
12020200
In base 16, what is 243b98d - -4?
243b991
In base 10, what is -22 + 173366?
173344
In base 11, what is 216292a + -3?
2162927
In base 8, what is -3634267 - 2?
-3634271
In base 5, what is 101102300313 - -20?
101102300333
In base 6, what is 3100401 - -4331?
3105132
In base 11, what is -33767334 + 4?
-33767330
In base 2, what is -110000010110111 - -111101101?
-101111011001010
In base 9, what is -4 + -4875301?
-4875305
In base 7, what is 2262324030 - 3?
2262324024
In base 10, what is 2460541 + 1?
2460542
In base 4, what is 32313 - -1011032?
1110011
In base 4, what is -121203 - 22033302?
-22221111
In base 5, what is 4442121 - -104342?
10102013
In base 5, what is 104332240210 - 4?
104332240201
In base 10, what is 36 - -1895475?
1895511
In base 7, what is 1 - -225506020?
225506021
In base 15, what is -66 + 1b5eb9?
1b5e53
In base 6, what is 521215 - -23520?
545135
In base 4, what is -131031301033 + 1?
-131031301032
In base 12, what is 1b01 + -24861?
-22960
In base 2, what is -11110 - -1001001111101101100111?
1001001111101101001001
In base 6, what is 1014221 + -1142?
1013035
In base 6, what is -40 - 252144014?
-252144054
In base 3, what is 21221021121 + -2021000?
21212000121
In base 12, what is -4796 + 89a6?
4210
In base 2, what is -10 + 101010010101111010110101?
101010010101111010110011
In base 8, what is 1036243 + 15?
1036260
In base 4, what is 110210330 - -1202?
110212132
In base 15, what is -2 - -b50788?
b50786
In base 2, what is -10101001000010001111111 + -101?
-10101001000010010000100
In base 5, what is -4 - 114432013433?
-114432013442
In base 7, what is 12 + 34235621?
34235633
In base 3, what is 12010 + 22120001001?
22120020011
In base 8, what is -2576627 + 0?
-2576627
In base 16, what is -219fd + -cc2?
-226bf
In base 13, what is 85c5 - 109?
84b9
In base 2, what is -1110000000 - -100011011010?
10101011010
In base 14, what is 63bcc569 + -5?
63bcc564
In base 14, what is -3 - 91408?
-9140b
In base 14, what is 5 + 6697b50?
6697b55
In base 4, what is 313111 + 132311203?
133230320
In base 6, what is 14543243 - 5?
14543234
In base 2, what is 0 - -1010000111010101111011?
1010000111010101111011
In base 8, what is -122003605 - -3?
-122003602
In base 10, what is -9 + -5868662?
-5868671
In base 16, what is -24c8 + -1f1c?
-43e4
In base 13, what is 4 + 316a233?
316a237
In base 4, what is -3110110 + 2213?
-3101231
In base 11, what is -61228927 - 5?
-61228931
In base 16, what is 669dd + 0?
669dd
In base 2, what is 10100100 + -110110110100001101?
-110110110001101001
In base 5, what is 340 + 13340343?
13341233
In base 8, what is 27 - 2343363?
-2343334
In base 12, what is 133705 + -23b?
133486
In base 8, what is 30376 - 2004?
26372
In base 8, what is 330355 - -135?
330512
In base 15, what is 1127d4 + 52?
112836
I